{"id":20,"date":"2016-01-07T15:57:40","date_gmt":"2016-01-07T14:57:40","guid":{"rendered":"http:\/\/www.nierenzentrum-rheintal.ch\/?page_id=20"},"modified":"2025-02-26T11:36:04","modified_gmt":"2025-02-26T10:36:04","slug":"test","status":"publish","type":"page","link":"https:\/\/www.nierenzentrum-rheintal.ch\/","title":{"rendered":"Nierenzentrum Rheintal"},"content":{"rendered":"\n<p class=\"has-text-align-center has-large-font-size\"><\/p>\n\n\n<h2>Gemeinschaftspraxis Dr.\u00a0J\u00e4ger &amp; Dr. Eisel<\/h2>\n<p>&nbsp;<\/p>\n<p>Willkommen in unserer haus\u00e4rztlichen Gemeinschaftspraxis in Altst\u00e4tten und in den Nierenzentren in Altst\u00e4tten und in Schaan FL.<\/p>\n<p>Wir haben Dialysem\u00f6glichkeiten in Altst\u00e4tten im St. Galler Rheintal und in Schaan, F\u00fcrstentum Liechtenstein<\/p>\n<p>Unsere Praxen sind bequem mit dem Auto oder den \u00f6ffentlichen Verkehrsmitteln erreichbar.<\/p>\n<p>Feriendialyse ist bei uns gut m\u00f6glich.<\/p>","protected":false},"excerpt":{"rendered":"<p>Gemeinschaftspraxis Dr.\u00a0J\u00e4ger &amp; Dr. Eisel &nbsp; Willkommen in unserer haus\u00e4rztlichen Gemeinschaftspraxis in Altst\u00e4tten und in den Nierenzentren in Altst\u00e4tten und in Schaan FL. Wir haben Dialysem\u00f6glichkeiten in Altst\u00e4tten im St. Galler Rheintal und in Schaan, F\u00fcrstentum Liechtenstein Unsere Praxen sind &hellip; <a href=\"https:\/\/www.nierenzentrum-rheintal.ch\/\">Weiter<\/a><\/p>\n","protected":false},"author":1,"featured_media":0,"parent":0,"menu_order":0,"comment_status":"closed","ping_status":"closed","template":"page-fullwidth.php","meta":{"kt_blocks_editor_width":"","footnotes":""},"class_list":["post-20","page","type-page","status-publish","hentry"],"_links":{"self":[{"href":"https:\/\/www.nierenzentrum-rheintal.ch\/index.php?rest_route=\/wp\/v2\/pages\/20","targetHints":{"allow":["GET"]}}],"collection":[{"href":"https:\/\/www.nierenzentrum-rheintal.ch\/index.php?rest_route=\/wp\/v2\/pages"}],"about":[{"href":"https:\/\/www.nierenzentrum-rheintal.ch\/index.php?rest_route=\/wp\/v2\/types\/page"}],"author":[{"embeddable":true,"href":"https:\/\/www.nierenzentrum-rheintal.ch\/index.php?rest_route=\/wp\/v2\/users\/1"}],"replies":[{"embeddable":true,"href":"https:\/\/www.nierenzentrum-rheintal.ch\/index.php?rest_route=%2Fwp%2Fv2%2Fcomments&post=20"}],"version-history":[{"count":22,"href":"https:\/\/www.nierenzentrum-rheintal.ch\/index.php?rest_route=\/wp\/v2\/pages\/20\/revisions"}],"predecessor-version":[{"id":724,"href":"https:\/\/www.nierenzentrum-rheintal.ch\/index.php?rest_route=\/wp\/v2\/pages\/20\/revisions\/724"}],"wp:attachment":[{"href":"https:\/\/www.nierenzentrum-rheintal.ch\/index.php?rest_route=%2Fwp%2Fv2%2Fmedia&parent=20"}],"curies":[{"name":"wp","href":"https:\/\/api.w.org\/{rel}","templated":true}]}}