{"id":72,"date":"2016-01-07T21:09:01","date_gmt":"2016-01-07T20:09:01","guid":{"rendered":"http:\/\/www.nierenzentrum-rheintal.ch\/?page_id=72"},"modified":"2024-12-17T09:49:00","modified_gmt":"2024-12-17T08:49:00","slug":"kontakt","status":"publish","type":"page","link":"https:\/\/www.nierenzentrum-rheintal.ch\/?page_id=72","title":{"rendered":"Kontakt"},"content":{"rendered":"<table style=\"height: 1046px;\" width=\"840\">\n<tbody>\n<tr>\n<td width=\"319\">\n<h1><strong>Altst\u00e4tten<\/strong><\/h1>\n<\/td>\n<td width=\"324\"><strong>\u00a0<\/strong><\/td>\n<\/tr>\n<tr>\n<td width=\"319\">Nierenzentrum Rheintal Altst\u00e4tten<br \/>\nDr. med. C. J\u00e4ger &#8211; Dr. med. R. Eisel &#8211; Dr.med. H. Heule<br \/>\nRorschacherstrasse 14 a<br \/>\nCH-9450 Altst\u00e4tten<\/td>\n<td width=\"324\">\n<table>\n<tbody>\n<tr>\n<td width=\"42\">Tel.<\/td>\n<td width=\"60\">Praxis<\/td>\n<td width=\"189\">+41 71 757 87 67<\/td>\n<\/tr>\n<tr>\n<td width=\"42\">Tel.<\/td>\n<td width=\"60\">Dialyse<\/td>\n<td width=\"189\">+41 71 757 87 68<\/td>\n<\/tr>\n<tr>\n<td width=\"42\"><\/td>\n<td width=\"60\"><\/td>\n<td width=\"189\"><\/td>\n<\/tr>\n<tr>\n<td width=\"42\">Mail<\/td>\n<td width=\"60\"><\/td>\n<td width=\"189\"><a href=\"mailto:nierenzentrum@hin.ch\">nierenzentrum@hin.ch<\/a><\/td>\n<\/tr>\n<\/tbody>\n<\/table>\n<\/td>\n<\/tr>\n<tr>\n<td colspan=\"2\" width=\"643\"><\/td>\n<\/tr>\n<tr>\n<td colspan=\"2\" width=\"643\"><strong>\u00d6ffnungszeiten Praxis<\/strong><\/p>\n<table>\n<tbody>\n<tr>\n<td width=\"87\">Montag<\/td>\n<td width=\"152\">07:30 \u2013 12:00 Uhr<\/td>\n<td width=\"19\"><\/td>\n<td width=\"208\">14:00 \u2013 18:00 Uhr<\/td>\n<\/tr>\n<tr>\n<td width=\"87\">Dienstag<\/td>\n<td width=\"152\">07:30 \u2013 12:00 Uhr<\/td>\n<td width=\"19\"><\/td>\n<td width=\"208\">14:00 \u2013 18:00 Uhr<\/td>\n<\/tr>\n<tr>\n<td width=\"87\">Mittwoch<\/td>\n<td width=\"152\">07:30 \u2013 12:00 Uhr<\/td>\n<td width=\"19\"><\/td>\n<td width=\"208\">14:00 \u2013 18:00 Uhr<\/td>\n<\/tr>\n<tr>\n<td width=\"87\">Donnerstag<\/td>\n<td width=\"152\">07:30 \u2013 12:00 Uhr<\/td>\n<td width=\"19\"><\/td>\n<td width=\"208\"><\/td>\n<\/tr>\n<tr>\n<td width=\"87\">Freitag<\/td>\n<td width=\"152\">08:00 \u2013 12:00 Uhr<\/td>\n<td width=\"19\"><\/td>\n<td width=\"208\">14:00 \u2013 18:00 Uhr<\/td>\n<\/tr>\n<tr>\n<td width=\"87\">Samstag<\/td>\n<td width=\"152\">08:30 \u2013 11:00 Uhr<\/td>\n<td width=\"19\"><\/td>\n<td width=\"208\"><\/td>\n<\/tr>\n<\/tbody>\n<\/table>\n<\/td>\n<\/tr>\n<tr>\n<td colspan=\"2\" width=\"643\"><strong>\u00d6ffnungszeiten Dialyse<br \/>\n<\/strong>Montag \u2013 Samstag 06:00 Uhr \u2013 17:00 Uhr<\/td>\n<\/tr>\n<tr>\n<td width=\"319\"><strong>\u00a0<\/strong><\/td>\n<td width=\"324\"><\/td>\n<\/tr>\n<tr>\n<td width=\"319\">\n<h1><strong>Schaan<\/strong><\/h1>\n<\/td>\n<td width=\"324\"><\/td>\n<\/tr>\n<tr>\n<td width=\"319\">Nierenzentrum Rheintal Liechtenstein<br \/>\nPoststrasse 17<br \/>\nLI-9494 Schaan<\/td>\n<td width=\"324\">\n<table style=\"height: 108px;\" width=\"304\">\n<tbody>\n<tr>\n<td width=\"42\">Tel.<\/td>\n<td width=\"60\">Praxis<\/td>\n<td width=\"189\">+423 239 6464<\/td>\n<\/tr>\n<tr>\n<td width=\"42\">Tel.<\/td>\n<td width=\"60\">Dialyse<\/td>\n<td width=\"189\">+423 239 6465<\/td>\n<\/tr>\n<tr>\n<td width=\"42\"><\/td>\n<td width=\"60\"><\/td>\n<td width=\"189\"><\/td>\n<\/tr>\n<tr>\n<td width=\"42\">Mail<\/td>\n<td width=\"60\"><\/td>\n<td width=\"189\"><a href=\"mailto:nierenzentrum@hin.li\">nierenzentrum@hin.li<\/a><\/td>\n<\/tr>\n<\/tbody>\n<\/table>\n<\/td>\n<\/tr>\n<tr>\n<td colspan=\"2\" width=\"643\"><strong>\u00d6ffnungszeiten Praxis<br \/>\n<\/strong><\/p>\n<table style=\"height: 100px;\" width=\"822\">\n<tbody>\n<tr>\n<td width=\"87\">Dienstag &#8211; Freitag<\/td>\n<td width=\"152\">08:00 \u2013 12:00 Uhr<\/td>\n<td width=\"19\"><\/td>\n<td width=\"208\"><\/td>\n<\/tr>\n<tr>\n<td width=\"87\"><\/td>\n<td width=\"152\"><\/td>\n<td width=\"19\"><\/td>\n<td width=\"208\"><\/td>\n<\/tr>\n<\/tbody>\n<\/table>\n<\/td>\n<\/tr>\n<tr>\n<td colspan=\"2\" width=\"643\"><strong>\u00d6ffnungszeiten Dialyse<br \/>\n<\/strong>Montag \u2013 Samstag 06:00 Uhr \u2013 17:00 Uhr<\/td>\n<\/tr>\n<\/tbody>\n<\/table>\n","protected":false},"excerpt":{"rendered":"<p>Altst\u00e4tten \u00a0 Nierenzentrum Rheintal Altst\u00e4tten Dr. med. C. J\u00e4ger &#8211; Dr. med. R. Eisel &#8211; Dr.med. H. Heule Rorschacherstrasse 14 a CH-9450 Altst\u00e4tten Tel. Praxis +41 71 757 87 67 Tel. Dialyse +41 71 757 87 68 Mail nierenzentrum@hin.ch \u00d6ffnungszeiten &hellip; <a href=\"https:\/\/www.nierenzentrum-rheintal.ch\/?page_id=72\">Weiter<\/a><\/p>\n","protected":false},"author":1,"featured_media":0,"parent":25,"menu_order":3,"comment_status":"closed","ping_status":"closed","template":"page-sidebar.php","meta":{"kt_blocks_editor_width":"","footnotes":""},"class_list":["post-72","page","type-page","status-publish","hentry"],"_links":{"self":[{"href":"https:\/\/www.nierenzentrum-rheintal.ch\/index.php?rest_route=\/wp\/v2\/pages\/72","targetHints":{"allow":["GET"]}}],"collection":[{"href":"https:\/\/www.nierenzentrum-rheintal.ch\/index.php?rest_route=\/wp\/v2\/pages"}],"about":[{"href":"https:\/\/www.nierenzentrum-rheintal.ch\/index.php?rest_route=\/wp\/v2\/types\/page"}],"author":[{"embeddable":true,"href":"https:\/\/www.nierenzentrum-rheintal.ch\/index.php?rest_route=\/wp\/v2\/users\/1"}],"replies":[{"embeddable":true,"href":"https:\/\/www.nierenzentrum-rheintal.ch\/index.php?rest_route=%2Fwp%2Fv2%2Fcomments&post=72"}],"version-history":[{"count":16,"href":"https:\/\/www.nierenzentrum-rheintal.ch\/index.php?rest_route=\/wp\/v2\/pages\/72\/revisions"}],"predecessor-version":[{"id":714,"href":"https:\/\/www.nierenzentrum-rheintal.ch\/index.php?rest_route=\/wp\/v2\/pages\/72\/revisions\/714"}],"up":[{"embeddable":true,"href":"https:\/\/www.nierenzentrum-rheintal.ch\/index.php?rest_route=\/wp\/v2\/pages\/25"}],"wp:attachment":[{"href":"https:\/\/www.nierenzentrum-rheintal.ch\/index.php?rest_route=%2Fwp%2Fv2%2Fmedia&parent=72"}],"curies":[{"name":"wp","href":"https:\/\/api.w.org\/{rel}","templated":true}]}}